{"id":419,"date":"2025-06-05T08:39:19","date_gmt":"2025-06-05T08:39:19","guid":{"rendered":"https:\/\/cynweb.erp-portal.vn\/?post_type=product&#038;p=419"},"modified":"2025-06-05T08:39:21","modified_gmt":"2025-06-05T08:39:21","slug":"soi-thep","status":"publish","type":"product","link":"https:\/\/cynchemical.com\/?product=soi-thep","title":{"rendered":"S\u1ee3i th\u00e9p"},"content":{"rendered":"<ul>\n<li>\u0110a d\u1ea1ng l\u1ef1a ch\u1ecdn v\u1ec1 quy c\u00e1ch, k\u00edch th\u01b0\u1edbc<\/li>\n<li>Ph\u1ee7 \u0111\u1ed3ng (bronze) \u0111\u1ec3 t\u0103ng s\u1ee9c d\u00ednh v\u1edbi cao su<\/li>\n<li>Gia c\u01b0\u1eddng cho l\u1edbp ho\u00e3n xung v\u00e0 th\u00e2n l\u1ed1p<\/li>\n<li>Xu\u1ea5t x\u1ee9: Th\u00e1i Lan, Trung Qu\u1ed1c<\/li>\n<\/ul>\n","protected":false},"excerpt":{"rendered":"<p>\u0110a d\u1ea1ng l\u1ef1a ch\u1ecdn v\u1ec1 quy c\u00e1ch, k\u00edch th\u01b0\u1edbc Ph\u1ee7 \u0111\u1ed3ng (bronze) \u0111\u1ec3 t\u0103ng s\u1ee9c d\u00ednh v\u1edbi cao su Gia c\u01b0\u1eddng cho l\u1edbp ho\u00e3n xung v\u00e0 th\u00e2n l\u1ed1p Xu\u1ea5t x\u1ee9: Th\u00e1i Lan, Trung Qu\u1ed1c<\/p>\n","protected":false},"featured_media":420,"comment_status":"open","ping_status":"closed","template":"","meta":[],"product_brand":[],"product_cat":[41],"product_tag":[],"class_list":{"0":"post-419","1":"product","2":"type-product","3":"status-publish","4":"has-post-thumbnail","6":"product_cat-vat-lieu-khac","8":"first","9":"instock","10":"shipping-taxable","11":"product-type-simple"},"_links":{"self":[{"href":"https:\/\/cynchemical.com\/index.php?rest_route=\/wp\/v2\/product\/419","targetHints":{"allow":["GET"]}}],"collection":[{"href":"https:\/\/cynchemical.com\/index.php?rest_route=\/wp\/v2\/product"}],"about":[{"href":"https:\/\/cynchemical.com\/index.php?rest_route=\/wp\/v2\/types\/product"}],"replies":[{"embeddable":true,"href":"https:\/\/cynchemical.com\/index.php?rest_route=%2Fwp%2Fv2%2Fcomments&post=419"}],"wp:featuredmedia":[{"embeddable":true,"href":"https:\/\/cynchemical.com\/index.php?rest_route=\/wp\/v2\/media\/420"}],"wp:attachment":[{"href":"https:\/\/cynchemical.com\/index.php?rest_route=%2Fwp%2Fv2%2Fmedia&parent=419"}],"wp:term":[{"taxonomy":"product_brand","embeddable":true,"href":"https:\/\/cynchemical.com\/index.php?rest_route=%2Fwp%2Fv2%2Fproduct_brand&post=419"},{"taxonomy":"product_cat","embeddable":true,"href":"https:\/\/cynchemical.com\/index.php?rest_route=%2Fwp%2Fv2%2Fproduct_cat&post=419"},{"taxonomy":"product_tag","embeddable":true,"href":"https:\/\/cynchemical.com\/index.php?rest_route=%2Fwp%2Fv2%2Fproduct_tag&post=419"}],"curies":[{"name":"wp","href":"https:\/\/api.w.org\/{rel}","templated":true}]}}