{"id":417,"date":"2025-06-05T08:37:47","date_gmt":"2025-06-05T08:37:47","guid":{"rendered":"https:\/\/cynweb.erp-portal.vn\/?post_type=product&#038;p=417"},"modified":"2025-06-05T08:37:48","modified_gmt":"2025-06-05T08:37:48","slug":"chat-cai-thien-be-mat","status":"publish","type":"product","link":"https:\/\/cynchemical.com\/?product=chat-cai-thien-be-mat","title":{"rendered":"Ch\u1ea5t c\u1ea3i thi\u1ec7n b\u1ec1 m\u1eb7t"},"content":{"rendered":"<ul>\n<li>C\u00f3 t\u00ednh l\u01b0\u1ee1ng c\u1ef1c, gi\u00fap t\u0103ng s\u1ef1 t\u01b0\u01a1ng h\u1ee3p gi\u1eefa c\u00e1c th\u00e0nh ph\u1ea7n ho\u00e1 ch\u1ea5t trong cao su, t\u1eeb \u0111\u00f3 ng\u0103n ch\u1eb7n s\u1ef1 phun ho\u00e1 ch\u1ea5t<\/li>\n<li>\u0110\u1ea3m b\u1ea3o b\u1ec1 m\u1eb7t \u0111\u1ed3ng nh\u1ea5t, l\u00e1ng m\u1ecbn cho s\u1ea3n ph\u1ea9m cao su<\/li>\n<li>Xu\u1ea5t x\u1ee9: \u0110\u00e0i Loan<\/li>\n<\/ul>\n","protected":false},"excerpt":{"rendered":"<p>C\u00f3 t\u00ednh l\u01b0\u1ee1ng c\u1ef1c, gi\u00fap t\u0103ng s\u1ef1 t\u01b0\u01a1ng h\u1ee3p gi\u1eefa c\u00e1c th\u00e0nh ph\u1ea7n ho\u00e1 ch\u1ea5t trong cao su, t\u1eeb \u0111\u00f3 ng\u0103n ch\u1eb7n s\u1ef1 phun ho\u00e1 ch\u1ea5t \u0110\u1ea3m b\u1ea3o b\u1ec1 m\u1eb7t \u0111\u1ed3ng nh\u1ea5t, l\u00e1ng m\u1ecbn cho s\u1ea3n ph\u1ea9m cao su Xu\u1ea5t x\u1ee9: \u0110\u00e0i Loan<\/p>\n","protected":false},"featured_media":418,"comment_status":"open","ping_status":"closed","template":"","meta":[],"product_brand":[],"product_cat":[40],"product_tag":[],"class_list":{"0":"post-417","1":"product","2":"type-product","3":"status-publish","4":"has-post-thumbnail","6":"product_cat-hoa-chat-khac","8":"first","9":"instock","10":"shipping-taxable","11":"product-type-simple"},"_links":{"self":[{"href":"https:\/\/cynchemical.com\/index.php?rest_route=\/wp\/v2\/product\/417","targetHints":{"allow":["GET"]}}],"collection":[{"href":"https:\/\/cynchemical.com\/index.php?rest_route=\/wp\/v2\/product"}],"about":[{"href":"https:\/\/cynchemical.com\/index.php?rest_route=\/wp\/v2\/types\/product"}],"replies":[{"embeddable":true,"href":"https:\/\/cynchemical.com\/index.php?rest_route=%2Fwp%2Fv2%2Fcomments&post=417"}],"wp:featuredmedia":[{"embeddable":true,"href":"https:\/\/cynchemical.com\/index.php?rest_route=\/wp\/v2\/media\/418"}],"wp:attachment":[{"href":"https:\/\/cynchemical.com\/index.php?rest_route=%2Fwp%2Fv2%2Fmedia&parent=417"}],"wp:term":[{"taxonomy":"product_brand","embeddable":true,"href":"https:\/\/cynchemical.com\/index.php?rest_route=%2Fwp%2Fv2%2Fproduct_brand&post=417"},{"taxonomy":"product_cat","embeddable":true,"href":"https:\/\/cynchemical.com\/index.php?rest_route=%2Fwp%2Fv2%2Fproduct_cat&post=417"},{"taxonomy":"product_tag","embeddable":true,"href":"https:\/\/cynchemical.com\/index.php?rest_route=%2Fwp%2Fv2%2Fproduct_tag&post=417"}],"curies":[{"name":"wp","href":"https:\/\/api.w.org\/{rel}","templated":true}]}}