{"id":408,"date":"2025-06-05T08:25:23","date_gmt":"2025-06-05T08:25:23","guid":{"rendered":"https:\/\/cynweb.erp-portal.vn\/?post_type=product&#038;p=408"},"modified":"2025-06-05T08:28:02","modified_gmt":"2025-06-05T08:28:02","slug":"chat-thoat-khuon","status":"publish","type":"product","link":"https:\/\/cynchemical.com\/?product=chat-thoat-khuon","title":{"rendered":"Ch\u1ea5t tho\u00e1t khu\u00f4n"},"content":{"rendered":"<ul>\n<li>G\u1ed1c n\u01b0\u1edbc, \u0111a d\u1ea1ng m\u00e3 s\u1ea3n ph\u1ea9m ph\u00f9 h\u1ee3p v\u1edbi t\u1eebng lo\u1ea1i cao su v\u00e0 \u1ee9ng d\u1ee5ng<\/li>\n<li>3 lo\u1ea1i: th\u00f4ng th\u01b0\u1eddng (conventional), b\u00e1n v\u0129nh c\u1eedu (semi-permanent) v\u00e0 v\u0129nh c\u1eedu (permanent)<\/li>\n<li>Gi\u00fap t\u00e1ch s\u1ea3n ph\u1ea9m sau l\u01b0u ho\u00e1 ra kh\u1ecfi khu\u00f4n d\u1ec5 d\u00e0ng h\u01a1n, cho b\u1ec1 m\u1eb7t s\u1ea3n ph\u1ea9m \u0111\u1eb9p, l\u00e1ng m\u1ecbn, gi\u1eef s\u1ea1ch s\u1ebd b\u1ec1 m\u1eb7t khu\u00f4n v\u00e0 gi\u00fap gi\u1ea3m t\u1ea7n su\u1ea5t v\u1ec7 sinh khu\u00f4n<\/li>\n<li>Xu\u1ea5t x\u1ee9: \u0110\u1ee9c<\/li>\n<\/ul>\n","protected":false},"excerpt":{"rendered":"<p>G\u1ed1c n\u01b0\u1edbc, \u0111a d\u1ea1ng m\u00e3 s\u1ea3n ph\u1ea9m ph\u00f9 h\u1ee3p v\u1edbi t\u1eebng lo\u1ea1i cao su v\u00e0 \u1ee9ng d\u1ee5ng 3 lo\u1ea1i: th\u00f4ng th\u01b0\u1eddng (conventional), b\u00e1n v\u0129nh c\u1eedu (semi-permanent) v\u00e0 v\u0129nh c\u1eedu (permanent) Gi\u00fap t\u00e1ch s\u1ea3n ph\u1ea9m sau l\u01b0u ho\u00e1 ra kh\u1ecfi khu\u00f4n d\u1ec5 d\u00e0ng h\u01a1n, cho b\u1ec1 m\u1eb7t s\u1ea3n ph\u1ea9m \u0111\u1eb9p, l\u00e1ng&hellip; <\/p>\n","protected":false},"featured_media":409,"comment_status":"open","ping_status":"closed","template":"","meta":[],"product_brand":[],"product_cat":[40],"product_tag":[],"class_list":{"0":"post-408","1":"product","2":"type-product","3":"status-publish","4":"has-post-thumbnail","6":"product_cat-hoa-chat-khac","8":"first","9":"instock","10":"shipping-taxable","11":"product-type-simple"},"_links":{"self":[{"href":"https:\/\/cynchemical.com\/index.php?rest_route=\/wp\/v2\/product\/408","targetHints":{"allow":["GET"]}}],"collection":[{"href":"https:\/\/cynchemical.com\/index.php?rest_route=\/wp\/v2\/product"}],"about":[{"href":"https:\/\/cynchemical.com\/index.php?rest_route=\/wp\/v2\/types\/product"}],"replies":[{"embeddable":true,"href":"https:\/\/cynchemical.com\/index.php?rest_route=%2Fwp%2Fv2%2Fcomments&post=408"}],"wp:featuredmedia":[{"embeddable":true,"href":"https:\/\/cynchemical.com\/index.php?rest_route=\/wp\/v2\/media\/409"}],"wp:attachment":[{"href":"https:\/\/cynchemical.com\/index.php?rest_route=%2Fwp%2Fv2%2Fmedia&parent=408"}],"wp:term":[{"taxonomy":"product_brand","embeddable":true,"href":"https:\/\/cynchemical.com\/index.php?rest_route=%2Fwp%2Fv2%2Fproduct_brand&post=408"},{"taxonomy":"product_cat","embeddable":true,"href":"https:\/\/cynchemical.com\/index.php?rest_route=%2Fwp%2Fv2%2Fproduct_cat&post=408"},{"taxonomy":"product_tag","embeddable":true,"href":"https:\/\/cynchemical.com\/index.php?rest_route=%2Fwp%2Fv2%2Fproduct_tag&post=408"}],"curies":[{"name":"wp","href":"https:\/\/api.w.org\/{rel}","templated":true}]}}