{"id":289,"date":"2025-05-16T04:10:15","date_gmt":"2025-05-16T04:10:15","guid":{"rendered":"https:\/\/cynweb.erp-portal.vn\/?post_type=product&#038;p=289"},"modified":"2025-05-16T04:10:16","modified_gmt":"2025-05-16T04:10:16","slug":"nhua-hoa-deo","status":"publish","type":"product","link":"https:\/\/cynchemical.com\/?product=nhua-hoa-deo","title":{"rendered":"Nh\u1ef1a ho\u00e1 d\u1ebbo"},"content":{"rendered":"<ul>\n<li>C\u00e1c lo\u1ea1i paraffin wax ho\u00e1 d\u1ebbo v\u1eadt l\u00fd, h\u1ed7 tr\u1ee3 qu\u00e1 tr\u00ecnh c\u00e1n luy\u1ec7n v\u00e0 c\u00e1c qu\u00e1 tr\u00ecnh gia c\u00f4ng ti\u1ebfp theo<\/li>\n<li>C\u00e1c lo\u1ea1i resin l\u00e0m gi\u1ea3m \u0111\u1ed9 nh\u1edbt, h\u1ed7 tr\u1ee3 ph\u00e2n t\u00e1n ph\u1ee5 gia ho\u00e1 ch\u1ea5t v\u00e0o cao su, t\u0103ng hi\u1ec7u qu\u1ea3 qu\u00e1 tr\u00ecnh luy\u1ec7n<\/li>\n<li>N\u01a1i s\u1ea3n xu\u1ea5t: Trung Qu\u1ed1c<\/li>\n<\/ul>\n","protected":false},"excerpt":{"rendered":"<p><strong>C\u00e1c lo\u1ea1i wax ho\u1eb7c resin ho\u00e1 d\u1ebbo<\/strong><\/p>\n","protected":false},"featured_media":290,"comment_status":"open","ping_status":"closed","template":"","meta":[],"product_brand":[],"product_cat":[32],"product_tag":[],"class_list":{"0":"post-289","1":"product","2":"type-product","3":"status-publish","4":"has-post-thumbnail","6":"product_cat-chat-hoa-deo","8":"first","9":"instock","10":"shipping-taxable","11":"product-type-simple"},"_links":{"self":[{"href":"https:\/\/cynchemical.com\/index.php?rest_route=\/wp\/v2\/product\/289","targetHints":{"allow":["GET"]}}],"collection":[{"href":"https:\/\/cynchemical.com\/index.php?rest_route=\/wp\/v2\/product"}],"about":[{"href":"https:\/\/cynchemical.com\/index.php?rest_route=\/wp\/v2\/types\/product"}],"replies":[{"embeddable":true,"href":"https:\/\/cynchemical.com\/index.php?rest_route=%2Fwp%2Fv2%2Fcomments&post=289"}],"wp:featuredmedia":[{"embeddable":true,"href":"https:\/\/cynchemical.com\/index.php?rest_route=\/wp\/v2\/media\/290"}],"wp:attachment":[{"href":"https:\/\/cynchemical.com\/index.php?rest_route=%2Fwp%2Fv2%2Fmedia&parent=289"}],"wp:term":[{"taxonomy":"product_brand","embeddable":true,"href":"https:\/\/cynchemical.com\/index.php?rest_route=%2Fwp%2Fv2%2Fproduct_brand&post=289"},{"taxonomy":"product_cat","embeddable":true,"href":"https:\/\/cynchemical.com\/index.php?rest_route=%2Fwp%2Fv2%2Fproduct_cat&post=289"},{"taxonomy":"product_tag","embeddable":true,"href":"https:\/\/cynchemical.com\/index.php?rest_route=%2Fwp%2Fv2%2Fproduct_tag&post=289"}],"curies":[{"name":"wp","href":"https:\/\/api.w.org\/{rel}","templated":true}]}}