{"id":270,"date":"2025-05-16T03:36:07","date_gmt":"2025-05-16T03:36:07","guid":{"rendered":"https:\/\/cynweb.erp-portal.vn\/?post_type=product&#038;p=270"},"modified":"2025-06-03T09:19:25","modified_gmt":"2025-06-03T09:19:25","slug":"silica","status":"publish","type":"product","link":"https:\/\/cynchemical.com\/?product=silica","title":{"rendered":"Silica"},"content":{"rendered":"<ul>\n<li>\u0110a d\u1ea1ng l\u1ef1a ch\u1ecdn v\u1ec1 k\u00edch th\u01b0\u1edbc h\u1ea1t v\u00e0 \u0111\u1ed9 ph\u00e2n t\u00e1n<\/li>\n<li>Gi\u00fap c\u1ea3i thi\u1ec7n \u0111\u1ed9 c\u1ee9ng, c\u01b0\u1eddng l\u1ef1c, \u0111\u1ed9 kh\u00e1ng x\u00e9, \u0111\u1ed9 m\u00e0i m\u00f2n, \u0111\u1ed9 b\u00e1m \u0111\u01b0\u1eddng, \u0111\u1ed9 kh\u00e1ng l\u0103n, &#8230;<\/li>\n<li>S\u1eed d\u1ee5ng \u0111\u01b0\u1ee3c cho c\u00e1c s\u1ea3n ph\u1ea9m m\u00e0u s\u00e1ng<\/li>\n<li>N\u01a1i s\u1ea3n xu\u1ea5t: Trung Qu\u1ed1c<\/li>\n<\/ul>\n","protected":false},"excerpt":{"rendered":"<p><strong>\u0110\u1eb7c bi\u1ec7t c\u1ea3i thi\u1ec7n hi\u1ec7u n\u0103ng cho s\u1ea3n ph\u1ea9m\u00a0<\/strong><\/p>\n","protected":false},"featured_media":346,"comment_status":"open","ping_status":"closed","template":"","meta":[],"product_brand":[],"product_cat":[31],"product_tag":[],"class_list":{"0":"post-270","1":"product","2":"type-product","3":"status-publish","4":"has-post-thumbnail","6":"product_cat-chat-don-gia-cuong","8":"first","9":"instock","10":"shipping-taxable","11":"product-type-simple"},"_links":{"self":[{"href":"https:\/\/cynchemical.com\/index.php?rest_route=\/wp\/v2\/product\/270","targetHints":{"allow":["GET"]}}],"collection":[{"href":"https:\/\/cynchemical.com\/index.php?rest_route=\/wp\/v2\/product"}],"about":[{"href":"https:\/\/cynchemical.com\/index.php?rest_route=\/wp\/v2\/types\/product"}],"replies":[{"embeddable":true,"href":"https:\/\/cynchemical.com\/index.php?rest_route=%2Fwp%2Fv2%2Fcomments&post=270"}],"wp:featuredmedia":[{"embeddable":true,"href":"https:\/\/cynchemical.com\/index.php?rest_route=\/wp\/v2\/media\/346"}],"wp:attachment":[{"href":"https:\/\/cynchemical.com\/index.php?rest_route=%2Fwp%2Fv2%2Fmedia&parent=270"}],"wp:term":[{"taxonomy":"product_brand","embeddable":true,"href":"https:\/\/cynchemical.com\/index.php?rest_route=%2Fwp%2Fv2%2Fproduct_brand&post=270"},{"taxonomy":"product_cat","embeddable":true,"href":"https:\/\/cynchemical.com\/index.php?rest_route=%2Fwp%2Fv2%2Fproduct_cat&post=270"},{"taxonomy":"product_tag","embeddable":true,"href":"https:\/\/cynchemical.com\/index.php?rest_route=%2Fwp%2Fv2%2Fproduct_tag&post=270"}],"curies":[{"name":"wp","href":"https:\/\/api.w.org\/{rel}","templated":true}]}}