{"id":264,"date":"2025-05-15T09:16:07","date_gmt":"2025-05-15T09:16:07","guid":{"rendered":"https:\/\/cynweb.erp-portal.vn\/?post_type=product&#038;p=264"},"modified":"2025-06-03T06:49:37","modified_gmt":"2025-06-03T06:49:37","slug":"cao-su-tong-hop","status":"publish","type":"product","link":"https:\/\/cynchemical.com\/?product=cao-su-tong-hop","title":{"rendered":"Cao su t\u1ed5ng h\u1ee3p"},"content":{"rendered":"<ul>\n<li>Ph\u00f9 h\u1ee3p cho s\u1ea3n xu\u1ea5t s\u0103m l\u1ed1p xe v\u00e0 nhi\u1ec1u s\u1ea3n ph\u1ea9m cao su kh\u00e1c<\/li>\n<li>Gi\u00e1 th\u00e0nh lu\u00f4n c\u1ea1nh tranh<\/li>\n<li>Ch\u1ea5t l\u01b0\u1ee3ng \u1ed5n \u0111\u1ecbnh<\/li>\n<li>Xu\u1ea5t x\u1ee9: Trung Qu\u1ed1c, Nga<\/li>\n<\/ul>\n","protected":false},"excerpt":{"rendered":"<p><strong>Cao su SBR, BR, IIR, HIIR, CR, silicone<\/strong><\/p>\n","protected":false},"featured_media":343,"comment_status":"open","ping_status":"closed","template":"","meta":[],"product_brand":[],"product_cat":[30],"product_tag":[],"class_list":{"0":"post-264","1":"product","2":"type-product","3":"status-publish","4":"has-post-thumbnail","6":"product_cat-cao-su","8":"first","9":"instock","10":"shipping-taxable","11":"product-type-simple"},"_links":{"self":[{"href":"https:\/\/cynchemical.com\/index.php?rest_route=\/wp\/v2\/product\/264","targetHints":{"allow":["GET"]}}],"collection":[{"href":"https:\/\/cynchemical.com\/index.php?rest_route=\/wp\/v2\/product"}],"about":[{"href":"https:\/\/cynchemical.com\/index.php?rest_route=\/wp\/v2\/types\/product"}],"replies":[{"embeddable":true,"href":"https:\/\/cynchemical.com\/index.php?rest_route=%2Fwp%2Fv2%2Fcomments&post=264"}],"wp:featuredmedia":[{"embeddable":true,"href":"https:\/\/cynchemical.com\/index.php?rest_route=\/wp\/v2\/media\/343"}],"wp:attachment":[{"href":"https:\/\/cynchemical.com\/index.php?rest_route=%2Fwp%2Fv2%2Fmedia&parent=264"}],"wp:term":[{"taxonomy":"product_brand","embeddable":true,"href":"https:\/\/cynchemical.com\/index.php?rest_route=%2Fwp%2Fv2%2Fproduct_brand&post=264"},{"taxonomy":"product_cat","embeddable":true,"href":"https:\/\/cynchemical.com\/index.php?rest_route=%2Fwp%2Fv2%2Fproduct_cat&post=264"},{"taxonomy":"product_tag","embeddable":true,"href":"https:\/\/cynchemical.com\/index.php?rest_route=%2Fwp%2Fv2%2Fproduct_tag&post=264"}],"curies":[{"name":"wp","href":"https:\/\/api.w.org\/{rel}","templated":true}]}}